{"id":9,"date":"2017-05-16T21:29:19","date_gmt":"2017-05-16T19:29:19","guid":{"rendered":"http:\/\/potrawyztrawy.pl\/?page_id=9"},"modified":"2017-07-02T14:02:52","modified_gmt":"2017-07-02T12:02:52","slug":"kontakt","status":"publish","type":"page","link":"https:\/\/potrawyztrawy.pl\/index.php\/kontakt\/","title":{"rendered":"Kontakt"},"content":{"rendered":"<p>Je\u015bli masz pytania lub potrzebujesz informacji to prosz\u0119 bardzo, poni\u017cej\u00a0kontakt do mnie &#8211; odpowiem natychmiast jak wyjd\u0119 z kuchni \ud83d\ude42<\/p>\n<p>e-mail: potrawyztrawy@potrawyztrawy.pl<\/p>\n<p>&nbsp;<\/p>\n<p>&nbsp;<\/p>\n<p style=\"text-align: center;\"><a href=\"https:\/\/potrawyztrawy.pl\/index.php\/kontakt\/img_20160404_160734\/\" target=\"_blank\" rel=\"noopener noreferrer\"><img loading=\"lazy\" decoding=\"async\" class=\"aligncenter wp-image-316\" src=\"https:\/\/potrawyztrawy.pl\/wp-content\/uploads\/2017\/05\/IMG_20160404_160734-168x300.jpg\" alt=\"\" width=\"333\" height=\"593\" srcset=\"https:\/\/potrawyztrawy.pl\/wp-content\/uploads\/2017\/05\/IMG_20160404_160734-168x300.jpg 168w, https:\/\/potrawyztrawy.pl\/wp-content\/uploads\/2017\/05\/IMG_20160404_160734-768x1368.jpg 768w, https:\/\/potrawyztrawy.pl\/wp-content\/uploads\/2017\/05\/IMG_20160404_160734-575x1024.jpg 575w, https:\/\/potrawyztrawy.pl\/wp-content\/uploads\/2017\/05\/IMG_20160404_160734-600x1068.jpg 600w\" sizes=\"auto, (max-width: 333px) 100vw, 333px\" \/><\/a><\/p>\n<p style=\"text-align: center;\">\n<p style=\"text-align: center;\">Wszystkie fotografie i tre\u015bci s\u0105 w\u0142asno\u015bci\u0105 serwisu POTRAWY Z TRAWY.<\/p>\n<p style=\"text-align: center;\">\u00a9\u00a0Potrawy z trawy\u00a0&#8211; Wszystkie prawa zastrze\u017cone<\/p>\n","protected":false},"excerpt":{"rendered":"<p>Je\u015bli masz pytania lub potrzebujesz informacji to prosz\u0119 bardzo, poni\u017cej\u00a0kontakt do mnie &#8211; odpowiem natychmiast jak wyjd\u0119 z kuchni \ud83d\ude42 e-mail: potrawyztrawy@potrawyztrawy.pl &nbsp; &nbsp; Wszystkie fotografie i tre\u015bci s\u0105 w\u0142asno\u015bci\u0105 serwisu POTRAWY Z TRAWY. \u00a9\u00a0Potrawy z trawy\u00a0&#8211; Wszystkie prawa zastrze\u017cone<\/p>\n","protected":false},"author":1,"featured_media":0,"parent":0,"menu_order":0,"comment_status":"closed","ping_status":"closed","template":"","meta":{"neve_meta_sidebar":"","neve_meta_container":"","neve_meta_enable_content_width":"","neve_meta_content_width":0,"neve_meta_title_alignment":"","neve_meta_author_avatar":"","neve_post_elements_order":"","neve_meta_disable_header":"","neve_meta_disable_footer":"","neve_meta_disable_title":"","footnotes":""},"class_list":["post-9","page","type-page","status-publish","hentry"],"_links":{"self":[{"href":"https:\/\/potrawyztrawy.pl\/index.php\/wp-json\/wp\/v2\/pages\/9","targetHints":{"allow":["GET"]}}],"collection":[{"href":"https:\/\/potrawyztrawy.pl\/index.php\/wp-json\/wp\/v2\/pages"}],"about":[{"href":"https:\/\/potrawyztrawy.pl\/index.php\/wp-json\/wp\/v2\/types\/page"}],"author":[{"embeddable":true,"href":"https:\/\/potrawyztrawy.pl\/index.php\/wp-json\/wp\/v2\/users\/1"}],"replies":[{"embeddable":true,"href":"https:\/\/potrawyztrawy.pl\/index.php\/wp-json\/wp\/v2\/comments?post=9"}],"version-history":[{"count":8,"href":"https:\/\/potrawyztrawy.pl\/index.php\/wp-json\/wp\/v2\/pages\/9\/revisions"}],"predecessor-version":[{"id":604,"href":"https:\/\/potrawyztrawy.pl\/index.php\/wp-json\/wp\/v2\/pages\/9\/revisions\/604"}],"wp:attachment":[{"href":"https:\/\/potrawyztrawy.pl\/index.php\/wp-json\/wp\/v2\/media?parent=9"}],"curies":[{"name":"wp","href":"https:\/\/api.w.org\/{rel}","templated":true}]}}