{"id":844,"date":"2017-07-14T15:39:38","date_gmt":"2017-07-14T13:39:38","guid":{"rendered":"http:\/\/potrawyztrawy.pl\/?page_id=844"},"modified":"2017-07-14T15:45:29","modified_gmt":"2017-07-14T13:45:29","slug":"placuszki-szpinakowe","status":"publish","type":"page","link":"https:\/\/potrawyztrawy.pl\/index.php\/placuszki-szpinakowe\/","title":{"rendered":"Placuszki szpinakowe"},"content":{"rendered":"<p>Placuszki szpinakowe<\/p>\n<p>S\u0105 naprawd\u0119 wy\u015bmienite. Na s\u0142odko i na s\u0142ono wi\u0119c ka\u017cdy mo\u017ce wybra\u0107 swoj\u0105 wersj\u0119. Przygotowuje si\u0119 b\u0142yskawicznie i chyba mycie szpiankowych li\u015bci trwa d\u0142u\u017cej.<br \/>\nSma\u017c\u0119 je na oleju rzepakowym bo po pierwsze zdrowiej a po drugie na ma\u015ble przypiekaj\u0105 si\u0119 na br\u0105zowo a chcia\u0142am aby zosta\u0142y zielone.<br \/>\nSma\u017cenie trawa te\u017c bardzo kr\u00f3tko bo s\u0105 cieniutkie. Delikatne i doskona\u0142e to najkr\u00f3tsza recenzja tych placuszk\u00f3w.<\/p>\n<p><a href=\"https:\/\/potrawyztrawy.pl\/index.php\/placuszki-szpinakowe\/img_20170713_165121\/\" target=\"_blank\" rel=\"noopener\"><img loading=\"lazy\" decoding=\"async\" class=\"aligncenter wp-image-845\" src=\"https:\/\/potrawyztrawy.pl\/wp-content\/uploads\/2017\/07\/IMG_20170713_165121-168x300.jpg\" alt=\"\" width=\"333\" height=\"593\" srcset=\"https:\/\/potrawyztrawy.pl\/wp-content\/uploads\/2017\/07\/IMG_20170713_165121-168x300.jpg 168w, https:\/\/potrawyztrawy.pl\/wp-content\/uploads\/2017\/07\/IMG_20170713_165121-768x1368.jpg 768w, https:\/\/potrawyztrawy.pl\/wp-content\/uploads\/2017\/07\/IMG_20170713_165121-575x1024.jpg 575w\" sizes=\"auto, (max-width: 333px) 100vw, 333px\" \/><\/a><\/p>\n<p><a href=\"https:\/\/potrawyztrawy.pl\/index.php\/placuszki-szpinakowe\/img_20170713_181509\/\" target=\"_blank\" rel=\"noopener\"><img loading=\"lazy\" decoding=\"async\" class=\"aligncenter wp-image-846\" src=\"https:\/\/potrawyztrawy.pl\/wp-content\/uploads\/2017\/07\/IMG_20170713_181509-300x168.jpg\" alt=\"\" width=\"555\" height=\"312\" srcset=\"https:\/\/potrawyztrawy.pl\/wp-content\/uploads\/2017\/07\/IMG_20170713_181509-300x168.jpg 300w, https:\/\/potrawyztrawy.pl\/wp-content\/uploads\/2017\/07\/IMG_20170713_181509-768x431.jpg 768w, https:\/\/potrawyztrawy.pl\/wp-content\/uploads\/2017\/07\/IMG_20170713_181509-1024x575.jpg 1024w\" sizes=\"auto, (max-width: 555px) 100vw, 555px\" \/><\/a><\/p>\n<p><a href=\"https:\/\/potrawyztrawy.pl\/index.php\/placuszki-szpinakowe\/img_20170713_181841-2\/\" target=\"_blank\" rel=\"noopener\"><img loading=\"lazy\" decoding=\"async\" class=\"aligncenter wp-image-847\" src=\"https:\/\/potrawyztrawy.pl\/wp-content\/uploads\/2017\/07\/IMG_20170713_181841-2-264x300.jpg\" alt=\"\" width=\"555\" height=\"632\" srcset=\"https:\/\/potrawyztrawy.pl\/wp-content\/uploads\/2017\/07\/IMG_20170713_181841-2-264x300.jpg 264w, https:\/\/potrawyztrawy.pl\/wp-content\/uploads\/2017\/07\/IMG_20170713_181841-2-768x874.jpg 768w, https:\/\/potrawyztrawy.pl\/wp-content\/uploads\/2017\/07\/IMG_20170713_181841-2-900x1024.jpg 900w\" sizes=\"auto, (max-width: 555px) 100vw, 555px\" \/><\/a><\/p>\n<p><a href=\"https:\/\/potrawyztrawy.pl\/index.php\/placuszki-szpinakowe\/img_20170713_182620-2\/\" target=\"_blank\" rel=\"noopener\"><img loading=\"lazy\" decoding=\"async\" class=\"aligncenter wp-image-848\" src=\"https:\/\/potrawyztrawy.pl\/wp-content\/uploads\/2017\/07\/IMG_20170713_182620-2-202x300.jpg\" alt=\"\" width=\"555\" height=\"824\" srcset=\"https:\/\/potrawyztrawy.pl\/wp-content\/uploads\/2017\/07\/IMG_20170713_182620-2-202x300.jpg 202w, https:\/\/potrawyztrawy.pl\/wp-content\/uploads\/2017\/07\/IMG_20170713_182620-2-768x1140.jpg 768w, https:\/\/potrawyztrawy.pl\/wp-content\/uploads\/2017\/07\/IMG_20170713_182620-2-690x1024.jpg 690w\" sizes=\"auto, (max-width: 555px) 100vw, 555px\" \/><\/a><\/p>\n<p><a href=\"https:\/\/potrawyztrawy.pl\/index.php\/placuszki-szpinakowe\/img_20170713_184802\/\" target=\"_blank\" rel=\"noopener\"><img loading=\"lazy\" decoding=\"async\" class=\"aligncenter wp-image-853\" src=\"https:\/\/potrawyztrawy.pl\/wp-content\/uploads\/2017\/07\/IMG_20170713_184802-300x168.jpg\" alt=\"\" width=\"555\" height=\"312\" srcset=\"https:\/\/potrawyztrawy.pl\/wp-content\/uploads\/2017\/07\/IMG_20170713_184802-300x168.jpg 300w, https:\/\/potrawyztrawy.pl\/wp-content\/uploads\/2017\/07\/IMG_20170713_184802-768x431.jpg 768w, https:\/\/potrawyztrawy.pl\/wp-content\/uploads\/2017\/07\/IMG_20170713_184802-1024x575.jpg 1024w\" sizes=\"auto, (max-width: 555px) 100vw, 555px\" \/><\/a><\/p>\n<p><a href=\"https:\/\/potrawyztrawy.pl\/index.php\/placuszki-szpinakowe\/img_20170713_184538\/\" target=\"_blank\" rel=\"noopener\"><img loading=\"lazy\" decoding=\"async\" class=\"aligncenter wp-image-849\" src=\"https:\/\/potrawyztrawy.pl\/wp-content\/uploads\/2017\/07\/IMG_20170713_184538-300x168.jpg\" alt=\"\" width=\"555\" height=\"312\" srcset=\"https:\/\/potrawyztrawy.pl\/wp-content\/uploads\/2017\/07\/IMG_20170713_184538-300x168.jpg 300w, https:\/\/potrawyztrawy.pl\/wp-content\/uploads\/2017\/07\/IMG_20170713_184538-768x431.jpg 768w, https:\/\/potrawyztrawy.pl\/wp-content\/uploads\/2017\/07\/IMG_20170713_184538-1024x575.jpg 1024w\" sizes=\"auto, (max-width: 555px) 100vw, 555px\" \/><\/a><\/p>\n<p><a href=\"https:\/\/potrawyztrawy.pl\/index.php\/placuszki-szpinakowe\/img_20170713_184545\/\" target=\"_blank\" rel=\"noopener\"><img loading=\"lazy\" decoding=\"async\" class=\"aligncenter wp-image-850\" src=\"https:\/\/potrawyztrawy.pl\/wp-content\/uploads\/2017\/07\/IMG_20170713_184545-300x168.jpg\" alt=\"\" width=\"555\" height=\"312\" srcset=\"https:\/\/potrawyztrawy.pl\/wp-content\/uploads\/2017\/07\/IMG_20170713_184545-300x168.jpg 300w, https:\/\/potrawyztrawy.pl\/wp-content\/uploads\/2017\/07\/IMG_20170713_184545-768x431.jpg 768w, https:\/\/potrawyztrawy.pl\/wp-content\/uploads\/2017\/07\/IMG_20170713_184545-1024x575.jpg 1024w\" sizes=\"auto, (max-width: 555px) 100vw, 555px\" \/><\/a><\/p>\n<p><a href=\"https:\/\/potrawyztrawy.pl\/index.php\/placuszki-szpinakowe\/img_20170713_184945\/\" target=\"_blank\" rel=\"noopener\"><img loading=\"lazy\" decoding=\"async\" class=\"aligncenter wp-image-854\" src=\"https:\/\/potrawyztrawy.pl\/wp-content\/uploads\/2017\/07\/IMG_20170713_184945-168x300.jpg\" alt=\"\" width=\"333\" height=\"593\" srcset=\"https:\/\/potrawyztrawy.pl\/wp-content\/uploads\/2017\/07\/IMG_20170713_184945-168x300.jpg 168w, https:\/\/potrawyztrawy.pl\/wp-content\/uploads\/2017\/07\/IMG_20170713_184945-768x1368.jpg 768w, https:\/\/potrawyztrawy.pl\/wp-content\/uploads\/2017\/07\/IMG_20170713_184945-575x1024.jpg 575w\" sizes=\"auto, (max-width: 333px) 100vw, 333px\" \/><\/a><\/p>\n<p>&nbsp;<\/p>\n<p><span style=\"text-decoration: underline;\"><strong>Co potrzeba?<\/strong><\/span><\/p>\n<p>kubek ma\u015blanki lub kefiru<br \/>\n3 gar\u015bcie szpinaku<br \/>\ngar\u015b\u0107 zielonej pietruszki<br \/>\n1 jajo<br \/>\n10 &#8211; 12 \u0142y\u017cek m\u0105ki pszennej<\/p>\n<p><span style=\"text-decoration: underline;\"><strong>Co robi\u0107?<\/strong><\/span><br \/>\nWrzuci\u0107 wszystko do wysokiego naczynia i blendowa\u0107 do uzyskania masy o konsystencji g\u0119stej \u015bmietany.<br \/>\nZostawi\u0107 na p\u00f3\u0142 godziny aby si\u0119 odsta\u0142o i lekko zg\u0119stnia\u0142o. W tym czasie mo\u017cemy przygotowa\u0107 wszystkie dodatki.<br \/>\nPokroi\u0107 owoce lub warzywa, pokruszy\u0107 ple\u015bniowy ser czy przygotowa\u0107 syrop do polania.<\/p>\n<p>wlewa\u0107 po troch\u0119 na patelni\u0119 na rozgrzany olej i delikatnie za pomoc\u0105 widelca i p\u0142askiej szpatu\u0142ki przewraca\u0107 placki na druga stron\u0119.<br \/>\nReszta to ju\u017c inwencja tw\u00f3rcza kucharza a w\u0142a\u015bciwie konsumenta.<br \/>\nTo ju\u017c ostatni przepis ze szpinakiem ale to nie koniec sezonu bo p\u00f3\u017anej jesieni z pewno\u015bci\u0105 si\u0119 z nim spotkamy.<\/p>\n<p>Smacznego dnia!<\/p>\n","protected":false},"excerpt":{"rendered":"<p>Placuszki szpinakowe S\u0105 naprawd\u0119 wy\u015bmienite. Na s\u0142odko i na s\u0142ono wi\u0119c ka\u017cdy mo\u017ce wybra\u0107 swoj\u0105 wersj\u0119. Przygotowuje si\u0119 b\u0142yskawicznie i chyba mycie szpiankowych li\u015bci trwa d\u0142u\u017cej. Sma\u017c\u0119 je na oleju rzepakowym bo po pierwsze zdrowiej a po drugie na ma\u015ble przypiekaj\u0105 si\u0119 na br\u0105zowo a chcia\u0142am aby zosta\u0142y zielone. Sma\u017cenie trawa te\u017c bardzo kr\u00f3tko bo&hellip;&nbsp;<a href=\"https:\/\/potrawyztrawy.pl\/index.php\/placuszki-szpinakowe\/\" rel=\"bookmark\">Dowiedz si\u0119 wi\u0119cej &raquo;<span class=\"screen-reader-text\">Placuszki szpinakowe<\/span><\/a><\/p>\n","protected":false},"author":1,"featured_media":860,"parent":0,"menu_order":0,"comment_status":"closed","ping_status":"closed","template":"","meta":{"neve_meta_sidebar":"","neve_meta_container":"","neve_meta_enable_content_width":"","neve_meta_content_width":0,"neve_meta_title_alignment":"","neve_meta_author_avatar":"","neve_post_elements_order":"","neve_meta_disable_header":"","neve_meta_disable_footer":"","neve_meta_disable_title":"","footnotes":""},"class_list":["post-844","page","type-page","status-publish","has-post-thumbnail","hentry"],"_links":{"self":[{"href":"https:\/\/potrawyztrawy.pl\/index.php\/wp-json\/wp\/v2\/pages\/844","targetHints":{"allow":["GET"]}}],"collection":[{"href":"https:\/\/potrawyztrawy.pl\/index.php\/wp-json\/wp\/v2\/pages"}],"about":[{"href":"https:\/\/potrawyztrawy.pl\/index.php\/wp-json\/wp\/v2\/types\/page"}],"author":[{"embeddable":true,"href":"https:\/\/potrawyztrawy.pl\/index.php\/wp-json\/wp\/v2\/users\/1"}],"replies":[{"embeddable":true,"href":"https:\/\/potrawyztrawy.pl\/index.php\/wp-json\/wp\/v2\/comments?post=844"}],"version-history":[{"count":3,"href":"https:\/\/potrawyztrawy.pl\/index.php\/wp-json\/wp\/v2\/pages\/844\/revisions"}],"predecessor-version":[{"id":858,"href":"https:\/\/potrawyztrawy.pl\/index.php\/wp-json\/wp\/v2\/pages\/844\/revisions\/858"}],"wp:featuredmedia":[{"embeddable":true,"href":"https:\/\/potrawyztrawy.pl\/index.php\/wp-json\/wp\/v2\/media\/860"}],"wp:attachment":[{"href":"https:\/\/potrawyztrawy.pl\/index.php\/wp-json\/wp\/v2\/media?parent=844"}],"curies":[{"name":"wp","href":"https:\/\/api.w.org\/{rel}","templated":true}]}}