{"id":790,"date":"2017-07-11T07:36:46","date_gmt":"2017-07-11T05:36:46","guid":{"rendered":"http:\/\/potrawyztrawy.pl\/?page_id=790"},"modified":"2017-07-11T07:36:46","modified_gmt":"2017-07-11T05:36:46","slug":"makaron-ze-szpinakiem","status":"publish","type":"page","link":"https:\/\/potrawyztrawy.pl\/index.php\/makaron-ze-szpinakiem\/","title":{"rendered":"Makaron ze szpinakiem"},"content":{"rendered":"<p>Makaron ze szpinakiem<\/p>\n<p>Najszybszy obiad \u015bwiata to w\u0142asnie makaron ze szpinakiem. Dos\u0142ownie w 15 minut bo tyle trwa gotowanie makaronu.<br \/>\nCo do szpinaku to w sezonie szpinaku \u015bwie\u017cego nie u\u017cywam innego bo na to przyjdzie czas w zimie.<br \/>\nKupuj\u0119 go na placu targowym i to naprawd\u0119 tanie warzywo. w tej chwili taka du\u017ca wi\u0105zka to koszt 1,50 z\u0142.<br \/>\nNie u\u017cywam do szpinaku ani \u015bmietany ani \u017c\u00f3\u0142tek jak robiono kiedy\u015b. Wspomnienie szpinaku z przedszkola, kt\u00f3ry wygl\u0105da\u0142 jak zielona papka, dawno min\u0119\u0142o.<br \/>\nJe\u015bli nie macie innego pomys\u0142u na obiad to zach\u0119cam do spr\u00f3bowania p\u00f3ki sezon trwa!<\/p>\n<p><a href=\"https:\/\/potrawyztrawy.pl\/?attachment_id=791\" target=\"_blank\" rel=\"noopener\"><img loading=\"lazy\" decoding=\"async\" class=\"aligncenter wp-image-791\" src=\"https:\/\/potrawyztrawy.pl\/wp-content\/uploads\/2017\/07\/IMG_20170426_150851-300x168.jpg\" alt=\"\" width=\"555\" height=\"312\" srcset=\"https:\/\/potrawyztrawy.pl\/wp-content\/uploads\/2017\/07\/IMG_20170426_150851-300x168.jpg 300w, https:\/\/potrawyztrawy.pl\/wp-content\/uploads\/2017\/07\/IMG_20170426_150851-768x431.jpg 768w, https:\/\/potrawyztrawy.pl\/wp-content\/uploads\/2017\/07\/IMG_20170426_150851-1024x575.jpg 1024w\" sizes=\"auto, (max-width: 555px) 100vw, 555px\" \/><\/a><\/p>\n<p><span style=\"text-decoration: underline;\"><strong>Co potrzeba?<\/strong><\/span><\/p>\n<p>wi\u0105zka szpinaku<br \/>\npaczka razowego makaronu<br \/>\n5-7 z\u0105bk\u00f3w czosnku<br \/>\n2 \u0142y\u017cki mas\u0142a<br \/>\n1 du\u017cy serek topiony &#8222;Z\u0142oty ementaler&#8221; (najlepszy, wypr\u00f3bowany)<br \/>\nprzyprawy (obowi\u0105zkowo cary)<\/p>\n<p><span style=\"text-decoration: underline;\"><strong>Co robi\u0107?<\/strong><\/span><\/p>\n<p>Ugotowa\u0107 makaron.<br \/>\nSzpinakowe li\u015bcie umy\u0107 i pokroi\u0107 na kawa\u0142ki i wcale nie trzeba ich drobno szatkowa\u0107 bo im wi\u0119ksze tym fajniejsze.<br \/>\nNa roztopione mas\u0142o wrzuci\u0107 rozdrobniony czosnek i li\u015bcie szpinaku.<br \/>\nGdy zaczn\u0105 si\u0119 kurczy\u0107 doda\u0107 serek pokrojony na kawa\u0142ki i przyprawy i wymiesza\u0107.<br \/>\nPod przykryciem szybciej si\u0119 roztopi.<br \/>\nDanie gotowe i z zegarkiem w r\u0119ku min\u0119\u0142o 15 minut \ud83d\ude42<\/p>\n<p>Smacznego dnia!<\/p>\n<p>&nbsp;<\/p>\n","protected":false},"excerpt":{"rendered":"<p>Makaron ze szpinakiem Najszybszy obiad \u015bwiata to w\u0142asnie makaron ze szpinakiem. Dos\u0142ownie w 15 minut bo tyle trwa gotowanie makaronu. Co do szpinaku to w sezonie szpinaku \u015bwie\u017cego nie u\u017cywam innego bo na to przyjdzie czas w zimie. Kupuj\u0119 go na placu targowym i to naprawd\u0119 tanie warzywo. w tej chwili taka du\u017ca wi\u0105zka to&hellip;&nbsp;<a href=\"https:\/\/potrawyztrawy.pl\/index.php\/makaron-ze-szpinakiem\/\" rel=\"bookmark\">Dowiedz si\u0119 wi\u0119cej &raquo;<span class=\"screen-reader-text\">Makaron ze szpinakiem<\/span><\/a><\/p>\n","protected":false},"author":1,"featured_media":792,"parent":0,"menu_order":0,"comment_status":"closed","ping_status":"closed","template":"","meta":{"neve_meta_sidebar":"","neve_meta_container":"","neve_meta_enable_content_width":"","neve_meta_content_width":0,"neve_meta_title_alignment":"","neve_meta_author_avatar":"","neve_post_elements_order":"","neve_meta_disable_header":"","neve_meta_disable_footer":"","neve_meta_disable_title":"","footnotes":""},"class_list":["post-790","page","type-page","status-publish","has-post-thumbnail","hentry"],"_links":{"self":[{"href":"https:\/\/potrawyztrawy.pl\/index.php\/wp-json\/wp\/v2\/pages\/790","targetHints":{"allow":["GET"]}}],"collection":[{"href":"https:\/\/potrawyztrawy.pl\/index.php\/wp-json\/wp\/v2\/pages"}],"about":[{"href":"https:\/\/potrawyztrawy.pl\/index.php\/wp-json\/wp\/v2\/types\/page"}],"author":[{"embeddable":true,"href":"https:\/\/potrawyztrawy.pl\/index.php\/wp-json\/wp\/v2\/users\/1"}],"replies":[{"embeddable":true,"href":"https:\/\/potrawyztrawy.pl\/index.php\/wp-json\/wp\/v2\/comments?post=790"}],"version-history":[{"count":1,"href":"https:\/\/potrawyztrawy.pl\/index.php\/wp-json\/wp\/v2\/pages\/790\/revisions"}],"predecessor-version":[{"id":794,"href":"https:\/\/potrawyztrawy.pl\/index.php\/wp-json\/wp\/v2\/pages\/790\/revisions\/794"}],"wp:featuredmedia":[{"embeddable":true,"href":"https:\/\/potrawyztrawy.pl\/index.php\/wp-json\/wp\/v2\/media\/792"}],"wp:attachment":[{"href":"https:\/\/potrawyztrawy.pl\/index.php\/wp-json\/wp\/v2\/media?parent=790"}],"curies":[{"name":"wp","href":"https:\/\/api.w.org\/{rel}","templated":true}]}}