{"id":1670,"date":"2025-03-01T00:29:33","date_gmt":"2025-02-28T23:29:33","guid":{"rendered":"http:\/\/potrawyztrawy.pl\/?page_id=1670"},"modified":"2025-03-02T11:22:03","modified_gmt":"2025-03-02T10:22:03","slug":"witaj","status":"publish","type":"page","link":"https:\/\/potrawyztrawy.pl\/","title":{"rendered":"Witaj!"},"content":{"rendered":"\n\n\n<p>\u00a0<\/p>\n<p style=\"text-align: left;\">Kuchnia ro\u015blinna to przygoda, kt\u00f3r\u0105 zacz\u0119\u0142am jaki\u015b czas temu i poch\u0142on\u0119\u0142a mnie ona na ca\u0142ego.<\/p>\n<p style=\"text-align: left;\">Wierz\u0119, \u017ce daje mi si\u0142\u0119 i pomaga zdrowo \u017cy\u0107.<\/p>\n<p style=\"text-align: left;\">Pasjonuj\u0105ce jest te\u017c odkrywanie nowych przepis\u00f3w z ro\u015blin, kt\u00f3re do tej pory mia\u0142y ju\u017c swoje role a teraz staj\u0105 si\u0119 gwiazdami w moim ro\u015blinnym serialu.<\/p>\n<p><img loading=\"lazy\" decoding=\"async\" class=\"aligncenter wp-image-334 \" src=\"https:\/\/potrawyztrawy.pl\/wp-content\/uploads\/2017\/06\/IMG_20170510_185348-168x300.jpg\" alt=\"\" width=\"230\" height=\"411\" srcset=\"https:\/\/potrawyztrawy.pl\/wp-content\/uploads\/2017\/06\/IMG_20170510_185348-168x300.jpg 168w, https:\/\/potrawyztrawy.pl\/wp-content\/uploads\/2017\/06\/IMG_20170510_185348-768x1368.jpg 768w, https:\/\/potrawyztrawy.pl\/wp-content\/uploads\/2017\/06\/IMG_20170510_185348-575x1024.jpg 575w\" sizes=\"auto, (max-width: 230px) 100vw, 230px\" \/><\/p>\n<p>\u00a0<\/p>\n","protected":false},"excerpt":{"rendered":"<p>\u00a0 Kuchnia ro\u015blinna to przygoda, kt\u00f3r\u0105 zacz\u0119\u0142am jaki\u015b czas temu i poch\u0142on\u0119\u0142a mnie ona na ca\u0142ego. Wierz\u0119, \u017ce daje mi si\u0142\u0119 i pomaga zdrowo \u017cy\u0107. Pasjonuj\u0105ce jest te\u017c odkrywanie nowych przepis\u00f3w z ro\u015blin, kt\u00f3re do tej pory mia\u0142y ju\u017c swoje role a teraz staj\u0105 si\u0119 gwiazdami w moim ro\u015blinnym serialu. \u00a0<\/p>\n","protected":false},"author":1,"featured_media":0,"parent":0,"menu_order":0,"comment_status":"closed","ping_status":"closed","template":"","meta":{"neve_meta_sidebar":"","neve_meta_container":"","neve_meta_enable_content_width":"","neve_meta_content_width":0,"neve_meta_title_alignment":"","neve_meta_author_avatar":"","neve_post_elements_order":"","neve_meta_disable_header":"","neve_meta_disable_footer":"","neve_meta_disable_title":"","footnotes":""},"class_list":["post-1670","page","type-page","status-publish","hentry"],"_links":{"self":[{"href":"https:\/\/potrawyztrawy.pl\/index.php\/wp-json\/wp\/v2\/pages\/1670","targetHints":{"allow":["GET"]}}],"collection":[{"href":"https:\/\/potrawyztrawy.pl\/index.php\/wp-json\/wp\/v2\/pages"}],"about":[{"href":"https:\/\/potrawyztrawy.pl\/index.php\/wp-json\/wp\/v2\/types\/page"}],"author":[{"embeddable":true,"href":"https:\/\/potrawyztrawy.pl\/index.php\/wp-json\/wp\/v2\/users\/1"}],"replies":[{"embeddable":true,"href":"https:\/\/potrawyztrawy.pl\/index.php\/wp-json\/wp\/v2\/comments?post=1670"}],"version-history":[{"count":2,"href":"https:\/\/potrawyztrawy.pl\/index.php\/wp-json\/wp\/v2\/pages\/1670\/revisions"}],"predecessor-version":[{"id":1734,"href":"https:\/\/potrawyztrawy.pl\/index.php\/wp-json\/wp\/v2\/pages\/1670\/revisions\/1734"}],"wp:attachment":[{"href":"https:\/\/potrawyztrawy.pl\/index.php\/wp-json\/wp\/v2\/media?parent=1670"}],"curies":[{"name":"wp","href":"https:\/\/api.w.org\/{rel}","templated":true}]}}