{"id":1285,"date":"2017-11-23T21:35:51","date_gmt":"2017-11-23T20:35:51","guid":{"rendered":"http:\/\/potrawyztrawy.pl\/?page_id=1285"},"modified":"2017-11-23T21:35:51","modified_gmt":"2017-11-23T20:35:51","slug":"sezamki","status":"publish","type":"page","link":"https:\/\/potrawyztrawy.pl\/index.php\/sezamki\/","title":{"rendered":"Sezamki"},"content":{"rendered":"<p>Uwielbiam s\u0142odycze! Odziedziczy\u0142am to w genach po swojej mamusi i przekaza\u0142am to, niestety, moim c\u00f3rkom.<\/p>\n<p>Robi\u0105c zakupy mog\u0119 zapomnie\u0107 o kupnie chleba czy ziemniak\u00f3w czy proszku do prania ale o czym\u015b s\u0142odkim, nigdy!!!<\/p>\n<p>Ten wilczy g\u0142\u00f3d na s\u0142odkie przychodzi najcz\u0119\u015bciej wieczorem i odchodzi dopiero gdy zasypiam.<\/p>\n<p>Ograniczenia i przysi\u0119gi nic nie daj\u0105.<\/p>\n<p>Przyrzeczenia noworoczne to fikcja.<\/p>\n<p>Zak\u0142ad z kim\u015b te\u017c nic.<\/p>\n<p>C\u00f3\u017c by\u0142o robi\u0107 jak nie zmierzy\u0107 si\u0119 z problemem.<\/p>\n<p>Wtedy odkry\u0142am s\u0142odycze bez cukru, m\u0105ki i t\u0142uszczu.<\/p>\n<p>Cukier w nich jest tylko naturalny czyli cukier z owoc\u00f3w czyli cukier prosty a nie rafinowany.<\/p>\n<p>T\u0142uszcz tak\u017ce jest pochodzenia ro\u015blinnego a m\u0105k\u0119 zast\u0119puj\u0105 zmielone, suszone owoce lub nasiona.<\/p>\n<p>I tak w\u0142a\u015bnie mo\u017cna bezkarnie objada\u0107 si\u0119 s\u0142odyczami.<\/p>\n<p>Przepis na sezamki znalaz\u0142am u weganon.pl.<\/p>\n<p>&nbsp;<\/p>\n<p><img loading=\"lazy\" decoding=\"async\" class=\"aligncenter wp-image-1282\" src=\"https:\/\/potrawyztrawy.pl\/wp-content\/uploads\/2017\/11\/IMG_20170419_164518-300x168.jpg\" alt=\"\" width=\"500\" height=\"281\" srcset=\"https:\/\/potrawyztrawy.pl\/wp-content\/uploads\/2017\/11\/IMG_20170419_164518-300x168.jpg 300w, https:\/\/potrawyztrawy.pl\/wp-content\/uploads\/2017\/11\/IMG_20170419_164518-768x431.jpg 768w, https:\/\/potrawyztrawy.pl\/wp-content\/uploads\/2017\/11\/IMG_20170419_164518-1024x575.jpg 1024w\" sizes=\"auto, (max-width: 500px) 100vw, 500px\" \/><\/p>\n<p><img loading=\"lazy\" decoding=\"async\" class=\"aligncenter wp-image-1283\" src=\"https:\/\/potrawyztrawy.pl\/wp-content\/uploads\/2017\/11\/IMG_20170419_164541-300x168.jpg\" alt=\"\" width=\"500\" height=\"281\" srcset=\"https:\/\/potrawyztrawy.pl\/wp-content\/uploads\/2017\/11\/IMG_20170419_164541-300x168.jpg 300w, https:\/\/potrawyztrawy.pl\/wp-content\/uploads\/2017\/11\/IMG_20170419_164541-768x431.jpg 768w, https:\/\/potrawyztrawy.pl\/wp-content\/uploads\/2017\/11\/IMG_20170419_164541-1024x575.jpg 1024w\" sizes=\"auto, (max-width: 500px) 100vw, 500px\" \/><\/p>\n<p>&nbsp;<\/p>\n<p>&nbsp;<\/p>\n<p><strong><span style=\"text-decoration: underline;\">Co potrzeba?<\/span><\/strong><\/p>\n<p>szklanka bia\u0142ego sezamu<\/p>\n<p>5 \u0142y\u017cek czarnego sezamu<\/p>\n<p>5 \u0142y\u017cek nasion chia<\/p>\n<p>5 \u0142y\u017cek nasion lnu<\/p>\n<p>3 \u0142y\u017cki mas\u0142a orzechowego<\/p>\n<p>2 \u0142y\u017cki miodu<\/p>\n<p>1 czekolada gorzka (najmniej 70%)<\/p>\n<p>&nbsp;<\/p>\n<p><strong><span style=\"text-decoration: underline;\">Co robi\u0107?<\/span><\/strong><\/p>\n<p>W garnku stopi\u0107 mas\u0142o i mi\u00f3d. Doda\u0107 po\u0142aman\u0105 czekolad\u0119 i miesza\u0107 a\u017c si\u0119 rozpu\u015bci.<\/p>\n<p>Doda\u0107 nasiona i wymiesza\u0107.<\/p>\n<p>Foremk\u0119 wy\u0142o\u017cy\u0107 papierem do pieczenia lub u\u017cy\u0107 szklanego naczynia to wtedy papieru nie potrzeba.<\/p>\n<p>W\u0142o\u017cy\u0107 mas\u0119 do foremki i zmrozi\u0107 przez 1 &#8211; 2 godziny.<\/p>\n<p>Pop tym czasie przenie\u015b\u0107 sezamkow\u0105 mas\u0119 do lod\u00f3wki i tam trzyma\u0107.<\/p>\n<p>Kroi\u0107 dowolne kszta\u0142ty.<\/p>\n<p>Te sezamki maj\u0105 tylko jedn\u0105 wad\u0119 &#8211; szybko topi\u0105 si\u0119 w r\u0119kach.<\/p>\n<p>Nale\u017cy zatem kroi\u0107 ma\u0142e kawa\u0142ki i je\u015b\u0107 natychmiast!<\/p>\n<p>&nbsp;<\/p>\n<p>Smacznego dnia!<\/p>\n<p>&nbsp;<\/p>\n<p>&nbsp;<\/p>\n<p>&nbsp;<\/p>\n","protected":false},"excerpt":{"rendered":"<p>Uwielbiam s\u0142odycze! Odziedziczy\u0142am to w genach po swojej mamusi i przekaza\u0142am to, niestety, moim c\u00f3rkom. Robi\u0105c zakupy mog\u0119 zapomnie\u0107 o kupnie chleba czy ziemniak\u00f3w czy proszku do prania ale o czym\u015b s\u0142odkim, nigdy!!! Ten wilczy g\u0142\u00f3d na s\u0142odkie przychodzi najcz\u0119\u015bciej wieczorem i odchodzi dopiero gdy zasypiam. Ograniczenia i przysi\u0119gi nic nie daj\u0105. Przyrzeczenia noworoczne to&hellip;&nbsp;<a href=\"https:\/\/potrawyztrawy.pl\/index.php\/sezamki\/\" rel=\"bookmark\">Dowiedz si\u0119 wi\u0119cej &raquo;<span class=\"screen-reader-text\">Sezamki<\/span><\/a><\/p>\n","protected":false},"author":1,"featured_media":1284,"parent":0,"menu_order":0,"comment_status":"closed","ping_status":"closed","template":"","meta":{"neve_meta_sidebar":"","neve_meta_container":"","neve_meta_enable_content_width":"","neve_meta_content_width":0,"neve_meta_title_alignment":"","neve_meta_author_avatar":"","neve_post_elements_order":"","neve_meta_disable_header":"","neve_meta_disable_footer":"","neve_meta_disable_title":"","footnotes":""},"class_list":["post-1285","page","type-page","status-publish","has-post-thumbnail","hentry"],"_links":{"self":[{"href":"https:\/\/potrawyztrawy.pl\/index.php\/wp-json\/wp\/v2\/pages\/1285","targetHints":{"allow":["GET"]}}],"collection":[{"href":"https:\/\/potrawyztrawy.pl\/index.php\/wp-json\/wp\/v2\/pages"}],"about":[{"href":"https:\/\/potrawyztrawy.pl\/index.php\/wp-json\/wp\/v2\/types\/page"}],"author":[{"embeddable":true,"href":"https:\/\/potrawyztrawy.pl\/index.php\/wp-json\/wp\/v2\/users\/1"}],"replies":[{"embeddable":true,"href":"https:\/\/potrawyztrawy.pl\/index.php\/wp-json\/wp\/v2\/comments?post=1285"}],"version-history":[{"count":1,"href":"https:\/\/potrawyztrawy.pl\/index.php\/wp-json\/wp\/v2\/pages\/1285\/revisions"}],"predecessor-version":[{"id":1287,"href":"https:\/\/potrawyztrawy.pl\/index.php\/wp-json\/wp\/v2\/pages\/1285\/revisions\/1287"}],"wp:featuredmedia":[{"embeddable":true,"href":"https:\/\/potrawyztrawy.pl\/index.php\/wp-json\/wp\/v2\/media\/1284"}],"wp:attachment":[{"href":"https:\/\/potrawyztrawy.pl\/index.php\/wp-json\/wp\/v2\/media?parent=1285"}],"curies":[{"name":"wp","href":"https:\/\/api.w.org\/{rel}","templated":true}]}}