{"id":1210,"date":"2017-09-03T09:08:18","date_gmt":"2017-09-03T07:08:18","guid":{"rendered":"http:\/\/potrawyztrawy.pl\/?page_id=1210"},"modified":"2017-09-03T09:08:18","modified_gmt":"2017-09-03T07:08:18","slug":"baklazany-pieczone-z-warzywami-i-mozarella","status":"publish","type":"page","link":"https:\/\/potrawyztrawy.pl\/index.php\/baklazany-pieczone-z-warzywami-i-mozarella\/","title":{"rendered":"Bak\u0142a\u017cany pieczone z warzywami i mozarell\u0105"},"content":{"rendered":"<p><strong>Bak\u0142a\u017cany pieczone z warzywami i mozarell\u0105<\/strong><\/p>\n<p>Uwielbiam bak\u0142a\u017cany cho\u0107 ani smaku konkretnego nie maj\u0105 ani zapachu no mo\u017ce jedynie wygl\u0105daj\u0105 pi\u0119knie.<\/p>\n<p>Znakomicie jednak nadaj\u0105 si\u0119 do zapiekania lub do uzupe\u0142nienia da\u0144 (piramidki z bak\u0142a\u017cana).<\/p>\n<p>Dzisiejsze danie to bardzo prosta rzecz i bardzo smaczna.<\/p>\n<p>Zalet\u0105 jest te\u017c to, \u017ce mo\u017cna zrobi\u0107 j\u0105 w wielu wersjach: warzywn\u0105, grzybow\u0105 lub mi\u0119sn\u0105.<\/p>\n<p>Sami wybierzcie, kt\u00f3r\u0105 Wam pasuje drog\u0105 konkursu.<\/p>\n<p><a href=\"https:\/\/potrawyztrawy.pl\/?attachment_id=1215\" target=\"_blank\" rel=\"noopener\"><img loading=\"lazy\" decoding=\"async\" class=\"aligncenter wp-image-1215\" src=\"https:\/\/potrawyztrawy.pl\/wp-content\/uploads\/2017\/09\/IMG_20170902_191104-168x300.jpg\" alt=\"\" width=\"333\" height=\"593\" srcset=\"https:\/\/potrawyztrawy.pl\/wp-content\/uploads\/2017\/09\/IMG_20170902_191104-168x300.jpg 168w, https:\/\/potrawyztrawy.pl\/wp-content\/uploads\/2017\/09\/IMG_20170902_191104-768x1368.jpg 768w, https:\/\/potrawyztrawy.pl\/wp-content\/uploads\/2017\/09\/IMG_20170902_191104-575x1024.jpg 575w\" sizes=\"auto, (max-width: 333px) 100vw, 333px\" \/><\/a><\/p>\n<p><a href=\"https:\/\/potrawyztrawy.pl\/?attachment_id=1223\" target=\"_blank\" rel=\"noopener\"><img loading=\"lazy\" decoding=\"async\" class=\"aligncenter wp-image-1223\" src=\"https:\/\/potrawyztrawy.pl\/wp-content\/uploads\/2017\/09\/IMG_20170902_204002-168x300.jpg\" alt=\"\" width=\"333\" height=\"593\" srcset=\"https:\/\/potrawyztrawy.pl\/wp-content\/uploads\/2017\/09\/IMG_20170902_204002-168x300.jpg 168w, https:\/\/potrawyztrawy.pl\/wp-content\/uploads\/2017\/09\/IMG_20170902_204002-768x1368.jpg 768w, https:\/\/potrawyztrawy.pl\/wp-content\/uploads\/2017\/09\/IMG_20170902_204002-575x1024.jpg 575w\" sizes=\"auto, (max-width: 333px) 100vw, 333px\" \/><\/a><\/p>\n<p><a href=\"https:\/\/potrawyztrawy.pl\/?attachment_id=1216\" target=\"_blank\" rel=\"noopener\"><img loading=\"lazy\" decoding=\"async\" class=\"aligncenter wp-image-1216\" src=\"https:\/\/potrawyztrawy.pl\/wp-content\/uploads\/2017\/09\/IMG_20170902_191457-300x168.jpg\" alt=\"\" width=\"555\" height=\"312\" srcset=\"https:\/\/potrawyztrawy.pl\/wp-content\/uploads\/2017\/09\/IMG_20170902_191457-300x168.jpg 300w, https:\/\/potrawyztrawy.pl\/wp-content\/uploads\/2017\/09\/IMG_20170902_191457-768x431.jpg 768w, https:\/\/potrawyztrawy.pl\/wp-content\/uploads\/2017\/09\/IMG_20170902_191457-1024x575.jpg 1024w\" sizes=\"auto, (max-width: 555px) 100vw, 555px\" \/><\/a><\/p>\n<p><a href=\"https:\/\/potrawyztrawy.pl\/?attachment_id=1217\" target=\"_blank\" rel=\"noopener\"><img loading=\"lazy\" decoding=\"async\" class=\"aligncenter wp-image-1217\" src=\"https:\/\/potrawyztrawy.pl\/wp-content\/uploads\/2017\/09\/IMG_20170902_191515-168x300.jpg\" alt=\"\" width=\"333\" height=\"593\" srcset=\"https:\/\/potrawyztrawy.pl\/wp-content\/uploads\/2017\/09\/IMG_20170902_191515-168x300.jpg 168w, https:\/\/potrawyztrawy.pl\/wp-content\/uploads\/2017\/09\/IMG_20170902_191515-768x1368.jpg 768w, https:\/\/potrawyztrawy.pl\/wp-content\/uploads\/2017\/09\/IMG_20170902_191515-575x1024.jpg 575w\" sizes=\"auto, (max-width: 333px) 100vw, 333px\" \/><\/a><\/p>\n<p><a href=\"https:\/\/potrawyztrawy.pl\/?attachment_id=1218\" target=\"_blank\" rel=\"noopener\"><img loading=\"lazy\" decoding=\"async\" class=\"aligncenter wp-image-1218\" src=\"https:\/\/potrawyztrawy.pl\/wp-content\/uploads\/2017\/09\/IMG_20170902_191623-168x300.jpg\" alt=\"\" width=\"333\" height=\"593\" srcset=\"https:\/\/potrawyztrawy.pl\/wp-content\/uploads\/2017\/09\/IMG_20170902_191623-168x300.jpg 168w, https:\/\/potrawyztrawy.pl\/wp-content\/uploads\/2017\/09\/IMG_20170902_191623-768x1368.jpg 768w, https:\/\/potrawyztrawy.pl\/wp-content\/uploads\/2017\/09\/IMG_20170902_191623-575x1024.jpg 575w\" sizes=\"auto, (max-width: 333px) 100vw, 333px\" \/><\/a><\/p>\n<p><a href=\"https:\/\/potrawyztrawy.pl\/?attachment_id=1219\" target=\"_blank\" rel=\"noopener\"><img loading=\"lazy\" decoding=\"async\" class=\"aligncenter wp-image-1219\" src=\"https:\/\/potrawyztrawy.pl\/wp-content\/uploads\/2017\/09\/IMG_20170902_191718-300x168.jpg\" alt=\"\" width=\"555\" height=\"312\" srcset=\"https:\/\/potrawyztrawy.pl\/wp-content\/uploads\/2017\/09\/IMG_20170902_191718-300x168.jpg 300w, https:\/\/potrawyztrawy.pl\/wp-content\/uploads\/2017\/09\/IMG_20170902_191718-768x431.jpg 768w, https:\/\/potrawyztrawy.pl\/wp-content\/uploads\/2017\/09\/IMG_20170902_191718-1024x575.jpg 1024w\" sizes=\"auto, (max-width: 555px) 100vw, 555px\" \/><\/a><\/p>\n<p><a href=\"https:\/\/potrawyztrawy.pl\/?attachment_id=1220\" target=\"_blank\" rel=\"noopener\"><img loading=\"lazy\" decoding=\"async\" class=\"aligncenter wp-image-1220\" src=\"https:\/\/potrawyztrawy.pl\/wp-content\/uploads\/2017\/09\/IMG_20170902_191835-300x168.jpg\" alt=\"\" width=\"555\" height=\"312\" srcset=\"https:\/\/potrawyztrawy.pl\/wp-content\/uploads\/2017\/09\/IMG_20170902_191835-300x168.jpg 300w, https:\/\/potrawyztrawy.pl\/wp-content\/uploads\/2017\/09\/IMG_20170902_191835-768x431.jpg 768w, https:\/\/potrawyztrawy.pl\/wp-content\/uploads\/2017\/09\/IMG_20170902_191835-1024x575.jpg 1024w\" sizes=\"auto, (max-width: 555px) 100vw, 555px\" \/><\/a><\/p>\n<p><a href=\"https:\/\/potrawyztrawy.pl\/?attachment_id=1221\" target=\"_blank\" rel=\"noopener\"><img loading=\"lazy\" decoding=\"async\" class=\"aligncenter wp-image-1221\" src=\"https:\/\/potrawyztrawy.pl\/wp-content\/uploads\/2017\/09\/IMG_20170902_192342-300x168.jpg\" alt=\"\" width=\"555\" height=\"312\" srcset=\"https:\/\/potrawyztrawy.pl\/wp-content\/uploads\/2017\/09\/IMG_20170902_192342-300x168.jpg 300w, https:\/\/potrawyztrawy.pl\/wp-content\/uploads\/2017\/09\/IMG_20170902_192342-768x431.jpg 768w, https:\/\/potrawyztrawy.pl\/wp-content\/uploads\/2017\/09\/IMG_20170902_192342-1024x575.jpg 1024w\" sizes=\"auto, (max-width: 555px) 100vw, 555px\" \/><\/a><\/p>\n<p><a href=\"https:\/\/potrawyztrawy.pl\/?attachment_id=1222\" target=\"_blank\" rel=\"noopener\"><img loading=\"lazy\" decoding=\"async\" class=\"aligncenter wp-image-1222\" src=\"https:\/\/potrawyztrawy.pl\/wp-content\/uploads\/2017\/09\/IMG_20170902_195826-2-260x300.jpg\" alt=\"\" width=\"333\" height=\"384\" srcset=\"https:\/\/potrawyztrawy.pl\/wp-content\/uploads\/2017\/09\/IMG_20170902_195826-2-260x300.jpg 260w, https:\/\/potrawyztrawy.pl\/wp-content\/uploads\/2017\/09\/IMG_20170902_195826-2-768x885.jpg 768w, https:\/\/potrawyztrawy.pl\/wp-content\/uploads\/2017\/09\/IMG_20170902_195826-2-889x1024.jpg 889w\" sizes=\"auto, (max-width: 333px) 100vw, 333px\" \/><\/a><\/p>\n<p>&nbsp;<\/p>\n<p>&nbsp;<\/p>\n<p>Co potrzeba?<\/p>\n<p>bak\u0142a\u017can<\/p>\n<p>czerwona cebula<\/p>\n<p>czerwona papryka<\/p>\n<p>pomidor<\/p>\n<p>seler naciowy<\/p>\n<p>przyprawy<\/p>\n<p>ser mozarella<\/p>\n<p>&nbsp;<\/p>\n<p>Co robi\u0107?<\/p>\n<p>Przekrojonego wzd\u0142u\u017c bak\u0142a\u017cana naci\u0105\u0107 no\u017cem w kratk\u0119.<\/p>\n<p>\u0141y\u017ck\u0105 wyd\u0142uba\u0107 wn\u0119trze i wrzuci\u0107 do miski.<\/p>\n<p>Doda\u0107 reszt\u0119 pokrojonych warzyw i przyprawy.<\/p>\n<p>Wymiesza\u0107 i nafaszerowa\u0107 bak\u0142a\u017cana.<\/p>\n<p>Przykry\u0107 plastrami sera i w\u0142o\u017cy\u0107 do naczynia, w kt\u00f3rym b\u0119d\u0105 si\u0119 zapieka\u0107.<\/p>\n<p>Na dno nala\u0107 odrobin\u0119 wody i wsypa\u0107 ulubione zi\u00f3\u0142ko.<\/p>\n<p>Przykry\u0107 pokryw\u0105 lub foli\u0105 i zapieka\u0107 40 minut w 160 stopniach.<\/p>\n<p>10 minut przed ko\u0144cem pieczenia odkry\u0107 naczynie aby ser pi\u0119knie si\u0119 przyrumieni\u0142.<\/p>\n<p>Nic wi\u0119cej nie trzeba do szcz\u0119\u015bcia na kolacj\u0119 no mo\u017ce jakie\u015b wytrawne, czerwone wino!<\/p>\n<p>&nbsp;<\/p>\n<p>Smacznego dnia!<\/p>\n<p>&nbsp;<\/p>\n<p>&nbsp;<\/p>\n<p>&nbsp;<\/p>\n<p>&nbsp;<\/p>\n","protected":false},"excerpt":{"rendered":"<p>Bak\u0142a\u017cany pieczone z warzywami i mozarell\u0105 Uwielbiam bak\u0142a\u017cany cho\u0107 ani smaku konkretnego nie maj\u0105 ani zapachu no mo\u017ce jedynie wygl\u0105daj\u0105 pi\u0119knie. Znakomicie jednak nadaj\u0105 si\u0119 do zapiekania lub do uzupe\u0142nienia da\u0144 (piramidki z bak\u0142a\u017cana). Dzisiejsze danie to bardzo prosta rzecz i bardzo smaczna. Zalet\u0105 jest te\u017c to, \u017ce mo\u017cna zrobi\u0107 j\u0105 w wielu wersjach: warzywn\u0105,&hellip;&nbsp;<a href=\"https:\/\/potrawyztrawy.pl\/index.php\/baklazany-pieczone-z-warzywami-i-mozarella\/\" rel=\"bookmark\">Dowiedz si\u0119 wi\u0119cej &raquo;<span class=\"screen-reader-text\">Bak\u0142a\u017cany pieczone z warzywami i mozarell\u0105<\/span><\/a><\/p>\n","protected":false},"author":1,"featured_media":1214,"parent":0,"menu_order":0,"comment_status":"closed","ping_status":"closed","template":"","meta":{"neve_meta_sidebar":"","neve_meta_container":"","neve_meta_enable_content_width":"","neve_meta_content_width":0,"neve_meta_title_alignment":"","neve_meta_author_avatar":"","neve_post_elements_order":"","neve_meta_disable_header":"","neve_meta_disable_footer":"","neve_meta_disable_title":"","footnotes":""},"class_list":["post-1210","page","type-page","status-publish","has-post-thumbnail","hentry"],"_links":{"self":[{"href":"https:\/\/potrawyztrawy.pl\/index.php\/wp-json\/wp\/v2\/pages\/1210","targetHints":{"allow":["GET"]}}],"collection":[{"href":"https:\/\/potrawyztrawy.pl\/index.php\/wp-json\/wp\/v2\/pages"}],"about":[{"href":"https:\/\/potrawyztrawy.pl\/index.php\/wp-json\/wp\/v2\/types\/page"}],"author":[{"embeddable":true,"href":"https:\/\/potrawyztrawy.pl\/index.php\/wp-json\/wp\/v2\/users\/1"}],"replies":[{"embeddable":true,"href":"https:\/\/potrawyztrawy.pl\/index.php\/wp-json\/wp\/v2\/comments?post=1210"}],"version-history":[{"count":1,"href":"https:\/\/potrawyztrawy.pl\/index.php\/wp-json\/wp\/v2\/pages\/1210\/revisions"}],"predecessor-version":[{"id":1225,"href":"https:\/\/potrawyztrawy.pl\/index.php\/wp-json\/wp\/v2\/pages\/1210\/revisions\/1225"}],"wp:featuredmedia":[{"embeddable":true,"href":"https:\/\/potrawyztrawy.pl\/index.php\/wp-json\/wp\/v2\/media\/1214"}],"wp:attachment":[{"href":"https:\/\/potrawyztrawy.pl\/index.php\/wp-json\/wp\/v2\/media?parent=1210"}],"curies":[{"name":"wp","href":"https:\/\/api.w.org\/{rel}","templated":true}]}}